 - 4/(-4)) is divided by 17.
11
Let g(o) = 178*o + 983. Calculate the remainder when g(22) is divided by 19.
16
Suppose 80 - 94 = -2*b. Let p be 0 - (-10 - -3)*2. Suppose -p*h = -9*h - 55. Calculate the remainder when h is divided by b.
4
Suppose u - 59 = i, 3*u - i - 121 = u. Suppose -151799 = 59*d - 2*d - 176366. Calculate the remainder when d is divided by u.
59
Suppose 5*d = -f + 1455, 4*f = -8*d + 12*d + 5844. What is the remainder when f is divided by 19?
16
Suppose -302*b = -282*b - 63 - 197. Calculate the remainder when 1088 is divided by b.
9
What is the remainder when 1701 is divided by (16/6 - 4)*((-790)/20 + -7)?
27
Suppose -207 = -12*w + 4545. Calculate the remainder when w is divided by 91.
32
Suppose -3*u - 1123 = -5*z, 176 = z + u - 39. Calculate the remainder when z is divided by 100.
21
Let b(s) = 59*s - 91. Let d(r) be the second derivative of -r**3/3 - 7*r**2/2 - 5*r. Calculate the remainder when b(2) is divided by d(-6).
2
Let r = -8837 + 8852. What is the remainder when 779 is divided by r?
14
Suppose 4*k = -5*r - 611, 0*k - 2*r = -4*k - 590. Let z = 236 + k. What is the remainder when z is divided by -5 - (-95)/20 - 242*7/(-56)?
27
Let c(t) = -414*t + 433. What is the remainder when 565 is divided by c(1)?
14
Suppose w = -3*w + 164. Let t = -38 + w. Suppose -t*y = -22 + 1. Calculate the remainder when 20 is divided by y.
6
What is the remainder when 225 is divided by 10/(-35) - -172*8/112?
9
Let o be ((-1)/2)/((-9)/396). Let x = o - 17. Suppose -2*j = 4*l - 896 + 304, 2*j + 749 = x*l. What is the remainder when l is divided by 15?
14
Suppose -8*n - 274 = -62 - 5132. Calculate the remainder when n is divided by 199.
18
Suppose 0 = -5*h - 4*m + 633, 0*m + 617 = 5*h - 4*m. Calculate the remainder when h is divided by 66.
59
Suppose -2*q + 634 = 3*q + 2*v, -631 = -5*q - 3*v. Let r = -123 + q. Suppose -r*g + 77 + 123 = 0. Calculate the remainder when g is divided by 22.
18
Suppose 4*s + n = 14, 5*s + 10*n - 25 = 5*n. Suppose 0 = 5*b - s*p - 388, 4*p - 3*p = 2*b - 155. What is the remainder when 382 is divided by b?
74
Let t(p) = -23*p + 4. Let d be (16/(-6) - -2)*6. Let k be t(d). Suppose -48 = 2*b - k. What is the remainder when b is divided by 14?
10
Suppose 0 = 4*x, 0 = 5*c - 5*x - 8 - 2. Let o = 350 + -347. Suppose -w + o*g + 50 - 4 = 0, -2*g - 104 = -c*w. Calculate the remainder when w is divided by 16.
7
Suppose 67*q + 1647 = 61*q + 6285. Calculate the remainder when q is divided by 131.
118
Suppose 8*a - 2*a + 222 = 0. Let u = 41 + a. Suppose 11*d = -u*d + 720. Calculate the remainder when d is divided by 17.
14
Suppose 2*d + 13 = c, 2*c + d - 25 = -2*c. Let b = c + 4. Let s(n) = -n**3 - 6*n**2 - 11*n - 3. What is the remainder when b is divided by s(-3)?
2
Let b = 206 - 200. Suppose -2*g + y + 26 = 0, -b*g - y + 65 = -g. Calculate the remainder when (-49 + -1)/((-2)/2) is divided by g.
11
Suppose 0 = 5*d - 3*w - 2*w + 2135, 0 = 3*d + 4*w + 1309. Let p = d + 554. Calculate the remainder when p is divided by 10.
3
Suppose -4*u - 159 = -5*c, -4*u = -18*c - 8*u + 646. Calculate the remainder when (-525)/(-3) + 2*-1 is divided by c.
33
Suppose m + m = 3*c - 140, -c + 65 = 3*m. What is the remainder when 349 - ((0 - 17/(-7)) + (-54)/126) is divided by c?
47
Let n(j) = j**2 + j - 141. Let w(c) = c**2 - 137. Let o(b) = 2*n(b) - 3*w(b). Calculate the remainder when o(10) is divided by 33.
16
Let m(i) = 31*i**2 + 25*i - 176. Calculate the remainder when m(-15) is divided by 54.
52
Let j(k) = 2*k**2 - 4*k - 5. Suppose 46 - 51 = 5*i. Let n(l) = 3*l + 48. What is the remainder when n(-15) is divided by j(i)?
0
Suppose 46*y - 49*y + 120 = -3*r, y = -r + 50. Calculate the remainder when 87 is divided by y.
42
Let h(u) = -243*u + 206 - 245*u + 483*u. Calculate the remainder when h(31) is divided by ((-6)/5)/((-2)/30).
15
Let p(d) = d**3 + 6*d**2 - 19*d - 13. Calculate the remainder when p(-4) is divided by 40*((-14)/(-4) - 3).
15
Suppose 643*b = 630*b + 2288. What is the remainder when b is divided by 66?
44
Suppose -4*v = 3*a - 119, 0 = -3*v - 108*a + 110*a + 102. What is the remainder when 1851 is divided by v?
27
Let h(u) = u**2 - 21*u + 41. Let j = 49 + -27. Suppose 8*c = 4*c + 64. Calculate the remainder when h(j) is divided by c.
15
Let w = -12508 + 12558. What is the remainder when w is divided by 18*1 + (9 - 10)?
16
Let n be 6/15 - 3/(-5). Let r(c) = 81*c**3 - c**2 + 2*c - 1. Let d be r(n). Let j = 100 - d. Calculate the remainder when j is divided by 5.
4
Suppose 4*n + 109 = a, 183*a - 178*a - 515 = 5*n. What is the remainder when a is divided by 40?
21
Let q(k) = -78*k - 118. Let o be q(5). Let y = 519 + o. What is the remainder when 307 is divided by y?
10
Let m(d) = 3*d**3 + 5*d**2 - 3. Let h(f) = -2*f**3 + f**2 - f. Let n(r) = -2*h(r) - m(r). What is the remainder when n(7) is divided by 17?
0
Let a(h) = -h**3 + 17*h**2 - 10*h - 19. Let f be a(16). Suppose 0 = i + 5*p - 8, -i = 2*p + 69 - f. Calculate the remainder when 68 is divided by i.
4
Let s(v) = -5*v - 6*v + 22 + 8*v + v**3 + 13*v**2. Let u be s(-14). Calculate the remainder when 51 is divided by 6/(-9) - u/9.
9
Suppose 0 = -4*s - 108 - 24. Let i = -30 - s. Suppose -38 = -c + 3*g, i*g + 104 = 5*c - 86. What is the remainder when c is divided by 13?
12
Let n(s) = -27 + 0*s + 29 + s. Let d be n(0). Suppose k = 5*t + 67, 4*k - t - d*t = 353. What is the remainder when k is divided by 47?
45
What is the remainder when 131 is divided by 1 + ((6 + 3)/9 - -60)?
7
Let q(y) = 348*y**3 - 3*y**2 + 14*y - 11. What is the remainder when q(1) is divided by 90?
78
Let k(c) = -77*c + 157*c - 46 - 73*c. Let a = -33 + 67. What is the remainder when k(16) is divided by a?
32
Let b(g) = g + 22. Let q be b(-12). Suppose q = l - c, 0*l - 4*c - 4 = 2*l. What is the remainder when 9 is divided by l?
3
Let k be (-926)/6 + 6/18. Calculate the remainder when (12/8)/(3/(-10)) - k is divided by 15.
14
Let q(z) = 32*z**2 + 629*z - 630. What is the remainder when 2572 is divided by q(1)?
30
Let o(z) = -318*z + 4072. What is the remainder when 768 is divided by o(12)?
0
Suppose -53 = -12*x + 115. Suppose 2*c - 101 = 5*b + 11, 5*c - b - 257 = 0. Calculate the remainder when c is divided by x.
9
Let o = -453 + 479. Suppose -2*n + n = -o. What is the remainder when n is divided by 10?
6
Let m(b) = -b**3 + 6*b**2 + 2*b - 7. Let y be (4/12)/((15/(-54))/(-5)). Suppose -7 + 31 = 4*d. What is the remainder when d is divided by m(y)?
1
Suppose -4*f + 1712 = -4*v, -4*f + 3*v - v + 1704 = 0. What is the remainder when f is divided by 17?
16
Let p = 1152 - 1147. Calculate the remainder when 801 is divided by p.
1
Let r(q) = -q**3 + 26*q**2 + 85*q + 1. Calculate the remainder when r(-4) is divided by 7.
1
What is the remainder when (8 - 2) + 3 - -552 is divided by 80?
1
Suppose -20*q - 2*n = -16*q - 286, -558 = -8*q - 2*n. What is the remainder when 680 is divided by q?
0
Suppose 256*w = 268*w - 348. Let b(z) = z**3 - 7*z**2 - 6*z - 13. Calculate the remainder when b(11) is divided by w.
28
Suppose f + 4*u - 51 + 4 = 0, 3*f = -3*u + 177. Calculate the remainder when 23096/72 - (-14)/f is divided by 18.
15
Suppose 5*d - 703 = -4*z, 10*z = 2*d + 5*z - 268. Let q = 412 - d. What is the remainder when q is divided by 55?
53
Suppose -10*n + 6*n + 12 = 0. Suppose 2*i = -2*o + 5*i + 36, n*i - 54 = -4*o. What is the remainder when 17 is divided by o?
2
Let a(i) = -2*i**2 - 33*i - 18. Let o be a(-16). What is the remainder when 81 is divided by -20 + 39 - (o + (-2)/2)?
15
Calculate the remainder when 3441 is divided by (-8880)/80*(-31)/3.
0
Let y = -3190 + 3320. Calculate the remainder when 287 is divided by y.
27
Suppose 0 = 17*n - 12*n - 15. Let l be 616/(-21) - -1*1/n. Calculate the remainder when (2/2)/(l/(-1102)) is divided by 20.
18
Let t = -1624 - -1654. Calculate the remainder when 115 is divided by t.
25
Suppose -660 + 152 = -4*x. Suppose -3*s - 4*w + 24 + 8 = 0, -w - 25 = -2*s. What is the remainder when x is divided by s?
7
Let a = -1016 + 1989. Let q = 1005 - a. Calculate the remainder when 91 is divided by q.
27
Suppose -3*b + 5*g + 181 = 0, 6*g - 3*g + 291 = 5*b. Let z = b + -55. Calculate the remainder when 17 is divided by z.
1
Suppose 0 = 15*x + 141 + 99. Let o(j) = 3*j**2 + 28*j + 87. Calculate